r of 34 and 527?
17
What is the greatest common factor of 16 and 2384?
16
Calculate the greatest common factor of 300 and 1380.
60
What is the highest common divisor of 1076 and 8?
4
Calculate the greatest common factor of 36 and 24.
12
What is the highest common divisor of 24 and 2264?
8
Calculate the highest common factor of 56 and 16.
8
What is the greatest common divisor of 340 and 180?
20
Calculate the greatest common factor of 480 and 552.
24
What is the highest common divisor of 100 and 400?
100
What is the highest common factor of 45 and 33945?
15
What is the greatest common divisor of 252 and 567?
63
What is the highest common divisor of 21 and 2751?
21
What is the greatest common factor of 60 and 36?
12
What is the highest common divisor of 60 and 168?
12
Calculate the highest common factor of 288 and 1854.
18
Calculate the greatest common factor of 1071 and 459.
153
What is the highest common factor of 12 and 3980?
4
What is the highest common factor of 26 and 8632?
26
Calculate the highest common factor of 2067 and 156.
39
What is the greatest common divisor of 2867 and 47?
47
What is the highest common factor of 16 and 512?
16
What is the highest common factor of 224 and 14?
14
What is the highest common divisor of 174 and 2842?
58
Calculate the greatest common divisor of 2 and 13.
1
Calculate the highest common divisor of 5015 and 2065.
295
Calculate the greatest common divisor of 6 and 10.
2
Calculate the greatest common divisor of 24 and 492.
12
Calculate the highest common divisor of 1442 and 350.
14
What is the greatest common divisor of 24 and 384?
24
What is the highest common divisor of 42801 and 33?
33
Calculate the greatest common divisor of 1519 and 245.
49
Calculate the highest common divisor of 25065 and 30.
15
Calculate the highest common divisor of 18 and 261.
9
Calculate the highest common factor of 135 and 6021.
27
What is the highest common factor of 120 and 7590?
30
What is the highest common factor of 198 and 144?
18
What is the greatest common divisor of 115 and 20?
5
What is the greatest common divisor of 8168 and 4?
4
Calculate the greatest common factor of 143 and 2145.
143
What is the greatest common factor of 4 and 52?
4
Calculate the highest common factor of 533 and 143.
13
What is the greatest common divisor of 60 and 15?
15
Calculate the highest common factor of 20 and 220.
20
What is the highest common divisor of 16 and 784?
16
Calculate the greatest common factor of 188 and 14.
2
What is the greatest common factor of 112 and 696?
8
Calculate the highest common divisor of 356 and 20114.
178
Calculate the highest common divisor of 720 and 630.
90
What is the highest common factor of 66 and 44?
22
What is the highest common divisor of 32 and 3424?
32
Calculate the greatest common factor of 135 and 297.
27
Calculate the highest common factor of 837 and 54.
27
What is the highest common factor of 245 and 420?
35
Calculate the greatest common factor of 76 and 988.
76
What is the highest common factor of 126 and 525?
21
Calculate the greatest common divisor of 62 and 10.
2
What is the greatest common factor of 61 and 25?
1
Calculate the highest common factor of 332 and 18.
2
Calculate the highest common divisor of 16821 and 108.
27
What is the greatest common divisor of 162 and 6?
6
Calculate the highest common factor of 1107 and 41.
41
What is the highest common divisor of 48 and 27?
3
What is the greatest common factor of 77 and 609?
7
What is the greatest common divisor of 30 and 1215?
15
Calculate the greatest common factor of 28 and 56.
28
What is the greatest common factor of 3141 and 162?
9
Calculate the greatest common divisor of 17 and 68.
17
What is the highest common factor of 46 and 1219?
23
Calculate the highest common factor of 4 and 36.
4
Calculate the highest common divisor of 210 and 378.
42
What is the highest common factor of 5014 and 414?
46
What is the highest common factor of 20 and 190?
10
What is the greatest common divisor of 759 and 92?
23
What is the highest common divisor of 896 and 560?
112
What is the greatest common factor of 462 and 660?
66
Calculate the highest common divisor of 325 and 39.
13
What is the highest common divisor of 340 and 20?
20
What is the greatest common divisor of 72 and 32?
8
Calculate the greatest common factor of 48 and 264.
24
Calculate the highest common divisor of 28 and 7147.
7
What is the greatest common factor of 25 and 2575?
25
What is the greatest common divisor of 35 and 245?
35
What is the highest common factor of 210 and 245?
35
Calculate the greatest common divisor of 16 and 10672.
16
What is the highest common factor of 72 and 162?
18
What is the highest common factor of 210 and 17325?
105
What is the highest common divisor of 2 and 64?
2
What is the highest common divisor of 30660 and 280?
140
What is the greatest common factor of 226 and 2?
2
What is the highest common factor of 3992 and 24?
8
What is the highest common divisor of 135 and 30?
15
What is the greatest common divisor of 4056 and 520?
104
Calculate the greatest common divisor of 75 and 30.
15
Calculate the highest common divisor of 17 and 425.
17
What is the highest common factor of 2872 and 8?
8
Calculate the highest common factor of 642 and 24.
6
Calculate the greatest common factor of 95 and 893.
19
Calculate the greatest common factor of 6828 and 24.
12
Calculate the greatest common factor of 1875 and 150.
75
Calculate the greatest common divisor of 171 and 38.
19
Calculate the greatest common factor of 44 and 7271.
11
Calculate the greatest common factor of 802 and 48.
2
Calculate the highest common divisor of 116 and 3596.
116
What is the highest common factor of 2520 and 8505?
315
What is the highest common factor of 12467 and 91?
91
What is the greatest common divisor of 354 and 12?
6
Calculate the greatest common divisor of 2294 and 74.
74
Calculate the highest common factor of 24 and 1836.
12
Calculate the greatest common divisor of 50 and 190.
10
Calculate the highest common divisor of 820 and 21115.
205
Calculate the highest common factor of 21 and 77.
7
What is the greatest common factor of 215 and 28165?
215
Calculate the greatest common factor of 27 and 6.
3
Calculate the greatest common factor of 1586 and 26.
26
Calculate the highest common factor of 3656 and 16.
8
What is the greatest common divisor of 8 and 568?
8
Calculate the highest common factor of 377 and 52.
13
Calculate the greatest common factor of 1200 and 3400.
200
What is the highest common factor of 51 and 408?
51
What is the highest common divisor of 26 and 6?
2
Calculate the greatest common factor of 816 and 5508.
204
Calculate the greatest common divisor of 24 and 1128.
24
What is the greatest common factor of 1720 and 301?
43
Calculate the greatest common divisor of 55 and 385.
55
Calculate the greatest common divisor of 10 and 46.
2
Calculate the greatest common factor of 27 and 2565.
27
Calculate the highest common divisor of 432 and 1688.
8
What is the greatest common divisor of 34 and 306?
34
What is the highest common divisor of 8957 and 106?
53
Calculate the highest common factor of 7003 and 141.
47
Calculate the greatest common divisor of 5599 and 11.
11
Calculate the greatest common factor of 864 and 18.
18
What is the highest common factor of 33 and 3?
3
What is the highest common divisor of 270 and 450?
90
Calculate the greatest common divisor of 252 and 54.
18
Calculate the highest common divisor of 168 and 483.
21
What is the greatest common divisor of 20 and 1000?
20
Calculate the greatest common factor of 620 and 20.
20
Calculate the highest common divisor of 18 and 14.
2
Calculate the highest common factor of 13 and 5070.
13
What is the highest common factor of 282 and 5217?
141
What is the greatest common divisor of 105 and 255?
15
What is the greatest common factor of 5 and 25?
5
Calculate the highest common factor of 57 and 5.
1
What is the greatest common factor of 2112 and 11352?
264
What is the highest common factor of 27 and 1215?
27
Calculate the highest common factor of 75 and 690.
15
Calculate the highest common factor of 57 and 95.
19
Calculate the greatest common divisor of 6 and 423.
3
What is the greatest common divisor of 11343 and 285?
57
What is the great